Let t be s(8). Suppose 5*i = 2*i - 2*w + 243, -i + w = -t. What is the remainder when i is divided by 9?
7
Let m = -20835 - -23228. What is the remainder when m is divided by 16?
9
Suppose 2*c + 5*k = 183 + 15, -8 = 2*k. Let g = 52864 - 52831. What is the remainder when c is divided by g?
10
Let z be 2*1*(-20 - -19). Calculate the remainder when ((-25)/(-10))/(-3*z/60) is divided by 15.
10
Calculate the remainder when (15*5)/((-1188)/(-18612)) is divided by 12.
11
Let r(d) = 489*d + 1106. What is the remainder when 10751 is divided by r(-2)?
127
Calculate the remainder when (-2242)/(-7) + ((-120)/105)/4 is divided by 129.
62
Let a(u) = 3*u**2 - 9*u - 49. Let n be a(11). Let x = 257 - n. Calculate the remainder when 459 is divided by x.
39
Suppose -16 - 52 = -3*a + 5*k, 3 = -3*k. Suppose -132 = -3*r + 30. Let m = r - -20. What is the remainder when m is divided by a?
11
Let n(f) = -7*f**2 + 63*f - 54. What is the remainder when 1844 is divided by n(7)?
40
Let v be (6 - (7 - 2))*2. Suppose -2*n + 56 = -v. Calculate the remainder when 52 is divided by n.
23
Suppose 5*y - 230 = -2*b, -5*y + 36 = b - 89. Suppose -5*q = 5*f - b, 0*q = q - 3*f - 17. What is the remainder when 74 is divided by q?
14
Let l be ((-22)/33)/((-2)/(-12)). Let t = 49 - 52. What is the remainder when (-26)/(l/(t - -7)) is divided by 9?
8
Calculate the remainder when 641 is divided by 10/(-12)*99/(-55)*20/5.
5
Let r = -331 + 349. Calculate the remainder when 11802 is divided by r.
12
Let r = 740 - 1068. Let m = 523 + r. Calculate the remainder when m is divided by 20.
15
Suppose -d = -m, -2*d + 3*m = -2*m + 9. Suppose -420 = 5*o - 5*y, -3*y = d*o + 249 + 9. Let c = o - -139. Calculate the remainder when c is divided by 19.
16
Let w(r) = -r**2 + 6*r + 1. Let z be w(6). What is the remainder when ((-44)/8 + z)/(4/(-8)) is divided by 3?
0
Suppose q = 3*q + 2*u + 24, 2*q + 5*u = -36. Let i(r) = 2*r**2 + 17*r + 3. Let f be i(q). Calculate the remainder when (-3)/((-15)/(-10))*2*f is divided by 11.
9
Suppose g + 91 = 2*t, -4*t - 7*g + 3*g + 164 = 0. Let d be ((-24)/(-36))/((-3)/198*2). What is the remainder when 3 + 138 + d/2 is divided by t?
42
Let q = 15921 - 15896. What is the remainder when 1091 is divided by q?
16
Let c(p) = 4*p**2 + 2*p - 8. Calculate the remainder when (-240)/200 + (-1272)/(-10) is divided by c(3).
24
Suppose -20*q = -2232 - 88. Calculate the remainder when q is divided by (-56 - 4)*(-2)/3.
36
Suppose 182 + 122 = x. Suppose 4*p - x = -4*m, 4*m - 386 = -5*p + 5*m. What is the remainder when p is divided by 27?
23
Let n(j) = 16*j**3 - 10*j**2 + 34*j - 36. What is the remainder when n(2) is divided by 20?
0
Let i(m) = 812*m + 8425. Calculate the remainder when i(-9) is divided by 221.
12
Suppose -2106 + 494 = -31*v. Calculate the remainder when 140 is divided by v.
36
Let i(w) = 4*w - 8. Let v be 27/(-15)*(-35)/21. Suppose 0 = v*t - 4*f - 77 - 42, -3*t = -3*f - 123. What is the remainder when t is divided by i(5)?
9
Let w = 1329 + -65. Calculate the remainder when w is divided by 315.
4
Let r = -3836 - -4163. Calculate the remainder when r is divided by 16.
7
Let i(o) = -3*o**3 - 8*o**2 + 17*o + 11. Suppose -12*u + 140 = -40*u. Calculate the remainder when i(u) is divided by 27.
20
Let w(f) be the second derivative of -17*f**3/6 - 59*f**2/2 - 31*f + 1. Calculate the remainder when 92 is divided by w(-5).
14
Suppose -3*x - 10 = -q + 16, 4*q + 2*x = 90. Let o be 4087/268 - (-10)/(-8). Suppose -q*w = -o*w - 1341. What is the remainder when w is divided by 30?
29
Suppose -5*k - 19 = 6. Calculate the remainder when 181*((-15)/k - 2) is divided by 31.
26
Suppose 0 = 2*v + 5*g - 17639, 3*v - 5*g - 11079 = 15342. What is the remainder when v is divided by 76?
72
Let u(w) = w**3 - 37*w**2 + 17*w - 234. What is the remainder when u(38) is divided by 134?
114
Suppose 2*j + 11 - 41 = 4*p, 0 = 5*p + 5. Suppose -u + 3*w = -j - 21, 4*u - w = 81. Let n = 4 - 0. Calculate the remainder when u is divided by n.
3
Suppose -195*w = 594 - 2349. What is the remainder when 310 is divided by w?
4
Suppose -3*d - 2*d = -25. Suppose -9*l = -d*l - 84. Suppose 2*w = b - 17 + 224, 3*b = 2*w - 209. Calculate the remainder when w is divided by l.
19
Suppose -15*r + 2286 = 4*z - 17*r, z - 4*r = 582. What is the remainder when z is divided by 194?
182
Let x be 19/(380/(-8)) - (-414)/10. Suppose -x + 26 = -5*v. What is the remainder when v is divided by 1?
0
Let b(s) = -24*s + 1. Let r(p) = -26*p - 1. Let a be r(-18). Let q = a - 458. Calculate the remainder when b(-1) is divided by q.
7
Let q(h) = -253*h - h**2 + 3*h**2 + 130*h + 128*h - 8. Suppose 6 = z - 20. Calculate the remainder when z is divided by q(2).
6
Let v(b) be the third derivative of -b**4/24 + 17*b**3/6 - 3*b**2. Let g be 23/(-46) + 21/2. Calculate the remainder when v(g) is divided by 2.
1
Let l(u) = u**2 - 10*u + 11. Let m be l(9). Suppose j - m*j + 33 = 0. Let t = 122 - -8. What is the remainder when t is divided by j?
31
Suppose 5*s - 4*s - 4*h = 476, -1904 = -4*s + 4*h. Let b = s - 245. What is the remainder when b is divided by 58?
57
Let v(r) = 3*r**3 - 22*r**2 - 42*r + 233. What is the remainder when v(10) is divided by 134?
77
Suppose -1687*u + 1631*u = -1904. What is the remainder when 422 is divided by u?
14
Suppose 0 = -n + 3*n - 78. Suppose 30 = -12*r - 30. Let g = r - -19. What is the remainder when n is divided by g?
11
Let x = 6352 - 5891. Calculate the remainder when x is divided by 3.
2
Suppose 15*d = 19*d + 824. Let z = -146 - d. What is the remainder when z is divided by 21?
18
Let c(z) = -12*z**3 + 6*z + 9. Let b be c(-3). Suppose -5*l + b = -40. Calculate the remainder when l is divided by 26.
19
Let y(w) = 50*w**2 - 5*w - 3. Suppose -3*s - 5*z = -2*s - 23, -2*z = 3*s - 4. Calculate the remainder when y(s) is divided by 70.
67
Let s = -13074 - -13135. What is the remainder when 423 is divided by s?
57
Let c = -48 + 52. Let v be 2/c*288/(-3). Let a = 65 + v. Calculate the remainder when 31 is divided by a.
14
Let k = -2277 - -2467. What is the remainder when k is divided by 39?
34
Calculate the remainder when (-4 - -1)/(165/(-5995)) is divided by 62.
47
Let q be -2 + (-5 - -4) + (-3 - -14). Suppose -10*x - q + 38 = 0. Let c(v) = 4*v - 6. Calculate the remainder when c(4) is divided by x.
1
Let v be (-10)/(-25) - 206/(-10). Let a = -5 + v. Suppose -223*w + 194*w = -203. What is the remainder when a is divided by w?
2
Let u = 61 - 56. Let b = 40 - 29. Calculate the remainder when (4/((-8)/u))/(1/(-14)) is divided by b.
2
Suppose -2*s = -3*g + 635 - 67, 0 = -g - 2*s + 192. What is the remainder when g is divided by 6?
4
Let o = -8264 - -8464. Calculate the remainder when 626 is divided by o.
26
Let p be (36/(-2))/(8/(-692)). Suppose l + 14*q - 18*q = 307, 5*l = -2*q + p. What is the remainder when l is divided by 24?
23
Calculate the remainder when -145 + 148 + (-3022)/(-2) is divided by 76.
70
Let t = 42 - 42. Suppose 3*b + 3*h + 0*h = -75, 2*h = t. Let d = 12 - b. What is the remainder when d is divided by 20?
17
Suppose 4*k + 441 = 5*n, -4*n - 2*k + 284 = -74. Let p = 87 - 75. Suppose -4*o = -p - 24. Calculate the remainder when n is divided by o.
8
Let g = -480 - -488. Calculate the remainder when 0 - -39 - 18/48*8 is divided by g.
4
Let z = 73 - 40. What is the remainder when (-48843)/(-567) - (-24)/(-21) is divided by z?
19
Let c be 0*6/(-12) + 35. Let m(t) = -t**3 + 34*t**2 + 40*t - 72. What is the remainder when m(c) is divided by 34?
1
Let a be ((-7)/42)/((-5)/90). Suppose -w + 191 = a*w - 3*s, -5*s = -4*w + 185. Calculate the remainder when w is divided by 15.
5
What is the remainder when (1*((-22)/5 + 5))/((-3)/(-19130)) is divided by 43?
42
Let g(n) = 5*n**2 - 185*n - 719. Calculate the remainder when 309 is divided by g(-4).
6
Let v = -206 + 325. Let r = -61 + v. Calculate the remainder when r is divided by 17.
7
Calculate the remainder when 1124/843 + 5318/3 is divided by 111.
109
Suppose 5*y - 4*v = 197, 2*y - 38*v = -39*v + 71. Calculate the remainder when 137 is divided by y.
26
Let k(c) = 2*c**2 - 11*c + 9. Let t be k(6). Calculate the remainder when ((-7038)/t)/(-3) + (-6)/15 is divided by 32.
28
Let f = 128 + -36. What is the remainder when f is divided by 3553/76 + 2/8?
45
Let r = -1117 -